{"id":11097,"date":"2024-12-27T21:42:15","date_gmt":"2024-12-27T21:42:15","guid":{"rendered":"http:\/\/carolrobinson.net\/?post_type=tribe_events&#038;p=11097\/"},"modified":"2025-02-02T11:24:15","modified_gmt":"2025-02-02T11:24:15","slug":"concert-radigue-22","status":"publish","type":"tribe_events","link":"http:\/\/carolrobinson.net\/fr\/dates\/concert-radigue-22\/","title":{"rendered":"Concert (Radigue)"},"content":{"rendered":"<p style=\"font-weight: 400;\">Quelques des interpr\u00e8tes historiques de la musique d\u2019<strong>\u00c9liane Radigue<\/strong> se r\u00e9unissent pour jouer plusieurs pi\u00e8ces d\u2019<em><strong>OCCAM OCEAN<\/strong><\/em> dans le cadre de <strong>SLOW<\/strong> (36 heures) au magnifique Conzertgebouw. <strong>Julia Eckhardt<\/strong> \u2013 alto, <strong>Carol Robinson<\/strong> \u2013 clarinette basse et birbyn\u00e9 (instrument \u00e0 anche lituanien), <strong>Rhodri Davies<\/strong> \u2013 harpe<\/p>\n","protected":false},"excerpt":{"rendered":"<p>Quelques des interpr\u00e8tes historiques de la musique d\u2019\u00c9liane Radigue se r\u00e9unissent pour jouer plusieurs pi\u00e8ces&#8230;<\/p>\n","protected":false},"author":6,"featured_media":11146,"template":"","meta":{"_tribe_events_status":"","_tribe_events_status_reason":"","footnotes":""},"tags":[],"tribe_events_cat":[],"class_list":["post-11097","tribe_events","type-tribe_events","status-publish","has-post-thumbnail","hentry"],"yoast_head":"<!-- This site is optimized with the Yoast SEO plugin v27.2 - https:\/\/yoast.com\/product\/yoast-seo-wordpress\/ -->\n<title>Concert (Radigue) - Carol Robinson<\/title>\n<meta name=\"robots\" content=\"index, follow, max-snippet:-1, max-image-preview:large, max-video-preview:-1\" \/>\n<link rel=\"canonical\" href=\"http:\/\/carolrobinson.net\/fr\/dates\/concert-radigue-22\/\" \/>\n<meta property=\"og:locale\" content=\"fr_FR\" \/>\n<meta property=\"og:type\" content=\"article\" \/>\n<meta property=\"og:title\" content=\"Concert (Radigue) - Carol Robinson\" \/>\n<meta property=\"og:description\" content=\"Quelques des interpr\u00e8tes historiques de la musique d\u2019\u00c9liane Radigue se r\u00e9unissent pour jouer plusieurs pi\u00e8ces...\" \/>\n<meta property=\"og:url\" content=\"http:\/\/carolrobinson.net\/fr\/dates\/concert-radigue-22\/\" \/>\n<meta property=\"og:site_name\" content=\"Carol Robinson\" \/>\n<meta property=\"article:modified_time\" content=\"2025-02-02T11:24:15+00:00\" \/>\n<meta property=\"og:image\" content=\"https:\/\/carolrobinson.net\/wp-content\/uploads\/2025\/02\/IMG_0637.jpeg\" \/>\n\t<meta property=\"og:image:width\" content=\"1568\" \/>\n\t<meta property=\"og:image:height\" content=\"1920\" \/>\n\t<meta property=\"og:image:type\" content=\"image\/jpeg\" \/>\n<meta name=\"twitter:card\" content=\"summary_large_image\" \/>\n<meta name=\"twitter:label1\" content=\"Dur\u00e9e de lecture estim\u00e9e\" \/>\n\t<meta name=\"twitter:data1\" content=\"1 minute\" \/>\n<script type=\"application\/ld+json\" class=\"yoast-schema-graph\">{\"@context\":\"https:\/\/schema.org\",\"@graph\":[{\"@type\":\"WebPage\",\"@id\":\"http:\/\/carolrobinson.net\/fr\/dates\/concert-radigue-22\/\",\"url\":\"http:\/\/carolrobinson.net\/fr\/dates\/concert-radigue-22\/\",\"name\":\"Concert (Radigue) - Carol Robinson\",\"isPartOf\":{\"@id\":\"http:\/\/carolrobinson.net\/fr\/#website\"},\"primaryImageOfPage\":{\"@id\":\"http:\/\/carolrobinson.net\/fr\/dates\/concert-radigue-22\/#primaryimage\"},\"image\":{\"@id\":\"http:\/\/carolrobinson.net\/fr\/dates\/concert-radigue-22\/#primaryimage\"},\"thumbnailUrl\":\"http:\/\/carolrobinson.net\/wp-content\/uploads\/2025\/02\/IMG_0637.jpeg\",\"datePublished\":\"2024-12-27T21:42:15+00:00\",\"dateModified\":\"2025-02-02T11:24:15+00:00\",\"breadcrumb\":{\"@id\":\"http:\/\/carolrobinson.net\/fr\/dates\/concert-radigue-22\/#breadcrumb\"},\"inLanguage\":\"fr-FR\",\"potentialAction\":[{\"@type\":\"ReadAction\",\"target\":[\"http:\/\/carolrobinson.net\/fr\/dates\/concert-radigue-22\/\"]}]},{\"@type\":\"ImageObject\",\"inLanguage\":\"fr-FR\",\"@id\":\"http:\/\/carolrobinson.net\/fr\/dates\/concert-radigue-22\/#primaryimage\",\"url\":\"http:\/\/carolrobinson.net\/wp-content\/uploads\/2025\/02\/IMG_0637.jpeg\",\"contentUrl\":\"http:\/\/carolrobinson.net\/wp-content\/uploads\/2025\/02\/IMG_0637.jpeg\",\"width\":1568,\"height\":1920},{\"@type\":\"BreadcrumbList\",\"@id\":\"http:\/\/carolrobinson.net\/fr\/dates\/concert-radigue-22\/#breadcrumb\",\"itemListElement\":[{\"@type\":\"ListItem\",\"position\":1,\"name\":\"Home\",\"item\":\"http:\/\/carolrobinson.net\/fr\/\"},{\"@type\":\"ListItem\",\"position\":2,\"name\":\"\u00c9v\u00e8nements\",\"item\":\"http:\/\/carolrobinson.net\/fr\/dates\/\"},{\"@type\":\"ListItem\",\"position\":3,\"name\":\"Concert (Radigue)\"}]},{\"@type\":\"WebSite\",\"@id\":\"http:\/\/carolrobinson.net\/fr\/#website\",\"url\":\"http:\/\/carolrobinson.net\/fr\/\",\"name\":\"Carol Robinson\",\"description\":\"composer &amp; clarinetist\",\"potentialAction\":[{\"@type\":\"SearchAction\",\"target\":{\"@type\":\"EntryPoint\",\"urlTemplate\":\"http:\/\/carolrobinson.net\/fr\/?s={search_term_string}\"},\"query-input\":{\"@type\":\"PropertyValueSpecification\",\"valueRequired\":true,\"valueName\":\"search_term_string\"}}],\"inLanguage\":\"fr-FR\"}]}<\/script>\n<!-- \/ Yoast SEO plugin. -->","yoast_head_json":{"title":"Concert (Radigue) - Carol Robinson","robots":{"index":"index","follow":"follow","max-snippet":"max-snippet:-1","max-image-preview":"max-image-preview:large","max-video-preview":"max-video-preview:-1"},"canonical":"http:\/\/carolrobinson.net\/fr\/dates\/concert-radigue-22\/","og_locale":"fr_FR","og_type":"article","og_title":"Concert (Radigue) - Carol Robinson","og_description":"Quelques des interpr\u00e8tes historiques de la musique d\u2019\u00c9liane Radigue se r\u00e9unissent pour jouer plusieurs pi\u00e8ces...","og_url":"http:\/\/carolrobinson.net\/fr\/dates\/concert-radigue-22\/","og_site_name":"Carol Robinson","article_modified_time":"2025-02-02T11:24:15+00:00","og_image":[{"width":1568,"height":1920,"url":"https:\/\/carolrobinson.net\/wp-content\/uploads\/2025\/02\/IMG_0637.jpeg","type":"image\/jpeg"}],"twitter_card":"summary_large_image","twitter_misc":{"Dur\u00e9e de lecture estim\u00e9e":"1 minute"},"schema":{"@context":"https:\/\/schema.org","@graph":[{"@type":"WebPage","@id":"http:\/\/carolrobinson.net\/fr\/dates\/concert-radigue-22\/","url":"http:\/\/carolrobinson.net\/fr\/dates\/concert-radigue-22\/","name":"Concert (Radigue) - Carol Robinson","isPartOf":{"@id":"http:\/\/carolrobinson.net\/fr\/#website"},"primaryImageOfPage":{"@id":"http:\/\/carolrobinson.net\/fr\/dates\/concert-radigue-22\/#primaryimage"},"image":{"@id":"http:\/\/carolrobinson.net\/fr\/dates\/concert-radigue-22\/#primaryimage"},"thumbnailUrl":"http:\/\/carolrobinson.net\/wp-content\/uploads\/2025\/02\/IMG_0637.jpeg","datePublished":"2024-12-27T21:42:15+00:00","dateModified":"2025-02-02T11:24:15+00:00","breadcrumb":{"@id":"http:\/\/carolrobinson.net\/fr\/dates\/concert-radigue-22\/#breadcrumb"},"inLanguage":"fr-FR","potentialAction":[{"@type":"ReadAction","target":["http:\/\/carolrobinson.net\/fr\/dates\/concert-radigue-22\/"]}]},{"@type":"ImageObject","inLanguage":"fr-FR","@id":"http:\/\/carolrobinson.net\/fr\/dates\/concert-radigue-22\/#primaryimage","url":"http:\/\/carolrobinson.net\/wp-content\/uploads\/2025\/02\/IMG_0637.jpeg","contentUrl":"http:\/\/carolrobinson.net\/wp-content\/uploads\/2025\/02\/IMG_0637.jpeg","width":1568,"height":1920},{"@type":"BreadcrumbList","@id":"http:\/\/carolrobinson.net\/fr\/dates\/concert-radigue-22\/#breadcrumb","itemListElement":[{"@type":"ListItem","position":1,"name":"Home","item":"http:\/\/carolrobinson.net\/fr\/"},{"@type":"ListItem","position":2,"name":"\u00c9v\u00e8nements","item":"http:\/\/carolrobinson.net\/fr\/dates\/"},{"@type":"ListItem","position":3,"name":"Concert (Radigue)"}]},{"@type":"WebSite","@id":"http:\/\/carolrobinson.net\/fr\/#website","url":"http:\/\/carolrobinson.net\/fr\/","name":"Carol Robinson","description":"composer &amp; clarinetist","potentialAction":[{"@type":"SearchAction","target":{"@type":"EntryPoint","urlTemplate":"http:\/\/carolrobinson.net\/fr\/?s={search_term_string}"},"query-input":{"@type":"PropertyValueSpecification","valueRequired":true,"valueName":"search_term_string"}}],"inLanguage":"fr-FR"}]}},"_links":{"self":[{"href":"http:\/\/carolrobinson.net\/fr\/wp-json\/wp\/v2\/tribe_events\/11097","targetHints":{"allow":["GET"]}}],"collection":[{"href":"http:\/\/carolrobinson.net\/fr\/wp-json\/wp\/v2\/tribe_events"}],"about":[{"href":"http:\/\/carolrobinson.net\/fr\/wp-json\/wp\/v2\/types\/tribe_events"}],"author":[{"embeddable":true,"href":"http:\/\/carolrobinson.net\/fr\/wp-json\/wp\/v2\/users\/6"}],"version-history":[{"count":1,"href":"http:\/\/carolrobinson.net\/fr\/wp-json\/wp\/v2\/tribe_events\/11097\/revisions"}],"predecessor-version":[{"id":11098,"href":"http:\/\/carolrobinson.net\/fr\/wp-json\/wp\/v2\/tribe_events\/11097\/revisions\/11098"}],"wp:featuredmedia":[{"embeddable":true,"href":"http:\/\/carolrobinson.net\/fr\/wp-json\/wp\/v2\/media\/11146"}],"wp:attachment":[{"href":"http:\/\/carolrobinson.net\/fr\/wp-json\/wp\/v2\/media?parent=11097"}],"wp:term":[{"taxonomy":"post_tag","embeddable":true,"href":"http:\/\/carolrobinson.net\/fr\/wp-json\/wp\/v2\/tags?post=11097"},{"taxonomy":"tribe_events_cat","embeddable":true,"href":"http:\/\/carolrobinson.net\/fr\/wp-json\/wp\/v2\/tribe_events_cat?post=11097"}],"curies":[{"name":"wp","href":"https:\/\/api.w.org\/{rel}","templated":true}]}}

<p style="font-weight: 400;">Quelques des interprètes historiques de la musique d’<strong>Éliane Radigue</strong> se réunissent pour jouer plusieurs pièces d’<em><strong>OCCAM OCEAN</strong></em> dans le cadre de <strong>SLOW</strong> (36 heures) au magnifique Conzertgebouw. <strong>Julia Eckhardt</strong> – alto, <strong>Carol Robinson</strong> – clarinette basse et birbyné (instrument à anche lituanien), <strong>Rhodri Davies</strong> – harpe</p>

<p>Quelques des interprètes historiques de la musique d’Éliane Radigue se réunissent pour jouer plusieurs pièces&#8230;</p>

<!-- This site is optimized with the Yoast SEO plugin v27.2 - https://yoast.com/product/yoast-seo-wordpress/ -->
<title>Concert (Radigue) - Carol Robinson</title>
<meta name="robots" content="index, follow, max-snippet:-1, max-image-preview:large, max-video-preview:-1" />
<link rel="canonical" href="http://carolrobinson.net/fr/dates/concert-radigue-22/" />
<meta property="og:locale" content="fr_FR" />
<meta property="og:type" content="article" />
<meta property="og:title" content="Concert (Radigue) - Carol Robinson" />
<meta property="og:description" content="Quelques des interprètes historiques de la musique d’Éliane Radigue se réunissent pour jouer plusieurs pièces..." />
<meta property="og:url" content="http://carolrobinson.net/fr/dates/concert-radigue-22/" />
<meta property="og:site_name" content="Carol Robinson" />
<meta property="article:modified_time" content="2025-02-02T11:24:15+00:00" />
<meta property="og:image" content="https://carolrobinson.net/wp-content/uploads/2025/02/IMG_0637.jpeg" />
	<meta property="og:image:width" content="1568" />
	<meta property="og:image:height" content="1920" />
	<meta property="og:image:type" content="image/jpeg" />
<meta name="twitter:card" content="summary_large_image" />
<meta name="twitter:label1" content="Durée de lecture estimée" />
	<meta name="twitter:data1" content="1 minute" />
<script type="application/ld+json" class="yoast-schema-graph">{"@context":"https://schema.org","@graph":[{"@type":"WebPage","@id":"http://carolrobinson.net/fr/dates/concert-radigue-22/","url":"http://carolrobinson.net/fr/dates/concert-radigue-22/","name":"Concert (Radigue) - Carol Robinson","isPartOf":{"@id":"http://carolrobinson.net/fr/#website"},"primaryImageOfPage":{"@id":"http://carolrobinson.net/fr/dates/concert-radigue-22/#primaryimage"},"image":{"@id":"http://carolrobinson.net/fr/dates/concert-radigue-22/#primaryimage"},"thumbnailUrl":"http://carolrobinson.net/wp-content/uploads/2025/02/IMG_0637.jpeg","datePublished":"2024-12-27T21:42:15+00:00","dateModified":"2025-02-02T11:24:15+00:00","breadcrumb":{"@id":"http://carolrobinson.net/fr/dates/concert-radigue-22/#breadcrumb"},"inLanguage":"fr-FR","potentialAction":[{"@type":"ReadAction","target":["http://carolrobinson.net/fr/dates/concert-radigue-22/"]}]},{"@type":"ImageObject","inLanguage":"fr-FR","@id":"http://carolrobinson.net/fr/dates/concert-radigue-22/#primaryimage","url":"http://carolrobinson.net/wp-content/uploads/2025/02/IMG_0637.jpeg","contentUrl":"http://carolrobinson.net/wp-content/uploads/2025/02/IMG_0637.jpeg","width":1568,"height":1920},{"@type":"BreadcrumbList","@id":"http://carolrobinson.net/fr/dates/concert-radigue-22/#breadcrumb","itemListElement":[{"@type":"ListItem","position":1,"name":"Home","item":"http://carolrobinson.net/fr/"},{"@type":"ListItem","position":2,"name":"Évènements","item":"http://carolrobinson.net/fr/dates/"},{"@type":"ListItem","position":3,"name":"Concert (Radigue)"}]},{"@type":"WebSite","@id":"http://carolrobinson.net/fr/#website","url":"http://carolrobinson.net/fr/","name":"Carol Robinson","description":"composer &amp; clarinetist","potentialAction":[{"@type":"SearchAction","target":{"@type":"EntryPoint","urlTemplate":"http://carolrobinson.net/fr/?s={search_term_string}"},"query-input":{"@type":"PropertyValueSpecification","valueRequired":true,"valueName":"search_term_string"}}],"inLanguage":"fr-FR"}]}</script>
<!-- / Yoast SEO plugin. -->

Quelques des interprètes historiques de la musique d’Éliane Radigue se réunissent pour jouer plusieurs pièces...

Évènements
